?
False
Is 58787419 a prime number?
True
Is 1234439 a prime number?
True
Is 790046 a prime number?
False
Is 4472431 a composite number?
False
Is 5900399 a prime number?
True
Is 772115861 a prime number?
False
Is 2555815 a composite number?
True
Is 9083959 composite?
False
Is 10408747 a composite number?
False
Is 409397 a prime number?
True
Is 71298929 a prime number?
False
Is 6048569 a composite number?
False
Is 11111579 a composite number?
False
Is 258986999 composite?
False
Is 3160919 prime?
True
Is 3264227 a composite number?
False
Is 27437731 a composite number?
True
Is 3736003 prime?
True
Is 5094487 composite?
False
Is 14266861 a prime number?
False
Is 35937059 a prime number?
True
Is 119819861 a prime number?
False
Is 197531057 composite?
False
Is 4387759 composite?
True
Is 48047757 a composite number?
True
Is 136742717 prime?
False
Is 14231533 composite?
True
Is 113559221 a composite number?
False
Is 128407691 prime?
True
Is 120691397 a prime number?
True
Is 23756209 a prime number?
False
Is 550427303 a prime number?
False
Is 23386463 composite?
False
Is 195101039 composite?
True
Is 10046942 a composite number?
True
Is 539627 a prime number?
False
Is 4058671 a prime number?
False
Is 186272701 a prime number?
False
Is 24223587 a prime number?
False
Is 32392807 a prime number?
True
Is 12683017 a prime number?
False
Is 2502727 prime?
False
Is 865243 prime?
False
Is 2880329 a prime number?
True
Is 3766174 composite?
True
Is 37603339 prime?
True
Is 74128979 a prime number?
False
Is 1961493 composite?
True
Is 3426601 composite?
False
Is 6112529 prime?
False
Is 18683569 a prime number?
False
Is 2035949 a composite number?
False
Is 736283 composite?
True
Is 2963833 a composite number?
False
Is 296593567 prime?
False
Is 333434993 prime?
True
Is 2481737 a prime number?
False
Is 50147035 a composite number?
True
Is 162589961 prime?
True
Is 7224137 a prime number?
False
Is 9524261 prime?
True
Is 9044951 a composite number?
False
Is 40146083 a prime number?
False
Is 37610121 a prime number?
False
Is 438819241 composite?
True
Is 52627 composite?
False
Is 308119139 prime?
True
Is 6400309 prime?
False
Is 3887069 composite?
True
Is 589984099 a prime number?
False
Is 4288517 prime?
True
Is 6392297 prime?
False
Is 524269 a composite number?
False
Is 481711 composite?
True
Is 14874011 composite?
False
Is 137697401 a prime number?
False
Is 5027357 prime?
True
Is 64098626 composite?
True
Is 6561861 composite?
True
Is 178738167 composite?
True
Is 30512555 composite?
True
Is 8820947 a prime number?
True
Is 10436611 prime?
False
Is 92278961 prime?
False
Is 3094129 composite?
False
Is 95428969 composite?
False
Is 28948631 composite?
False
Is 397880231 a prime number?
False
Is 14480099 composite?
False
Is 7921715 a composite number?
True
Is 540959173 a prime number?
True
Is 3298151 composite?
False
Is 232080301 prime?
False
Is 9432055 composite?
True
Is 21434863 prime?
False
Is 13989709 composite?
False
Is 8401633 a prime number?
True
Is 33691681 composite?
True
Is 6313219 a prime number?
False
Is 4508993 prime?
False
Is 4179541 a prime number?
True
Is 319123697 composite?
False
Is 102479567 a prime number?
False
Is 53045126 composite?
True
Is 2680739 a composite number?
True
Is 5625194 a prime number?
False
Is 6199663 composite?
False
Is 2883703 a composite number?
True
Is 261171677 composite?
True
Is 36400177 a prime number?
False
Is 803627741 a prime number?
False
Is 6220217 prime?
True
Is 4228593 composite?
True
Is 159231301 composite?
True
Is 5051653 a composite number?
False
Is 422689 prime?
True
Is 884921 composite?
False
Is 835039 composite?
False
Is 130652129 a composite number?
False
Is 1279037 a prime number?
False
Is 68603039 a prime number?
False
Is 6793879 a prime number?
False
Is 484037 prime?
True
Is 151920407 composite?
False
Is 14197277 composite?
False
Is 68219659 prime?
False
Is 3137683 a composite number?
True
Is 2012147 composite?
False
Is 3607183 prime?
True
Is 12658834 a prime number?
False
Is 9062081 a composite number?
True
Is 35996998 composite?
True
Is 5068139 a prime number?
False
Is 1365761 composite?
False
Is 17844581 a prime number?
False
Is 6179986 a prime number?
False
Is 4424831 prime?
True
Is 15912509 a composite number?
False
Is 1974851 composite?
False
Is 285044449 a prime number?
True
Is 70124741 a prime number?
True
Is 26749 a composite number?
True
Is 80753551 prime?
True
Is 1260959 prime?
False
Is 1475339 a composite number?
False
Is 28332847 composite?
False
Is 19625717 composite?
False
Is 241294 a prime number?
False
Is 2148947 prime?
True
Is 128138389 a prime number?
True
Is 46076831 a composite number?
True
Is 4921043 prime?
True
Is 50204629 a composite number?
False
Is 211793689 a prime number?
True
Is 10923487 composite?
False
Is 561757 composite?
True
Is 300243211 a composite number?
False
Is 8898782 a prime number?
False
Is 444005137 a prime number?
False
Is 9104974 a prime number?
False
Is 1938071 a prime number?
True
Is 1271573 a prime number?
False
Is 7402541 a prime number?
True
Is 30636821 prime?
False
Is 46729589 a composite number?
False
Is 7210211 prime?
False
Is 567244169 prime?
False
Is 106237399 a prime number?
True
Is 157025959 a composite number?
False
Is 94361257 a composite number?
False
Is 69450163 a composite number?
False
Is 404465383 a prime number?
False
Is 208795 a prime number?
False
Is 315060073 composite?
False
Is 3682927 a composite number?
False
Is 1255711 a composite number?
True
Is 570327955 a prime number?
False
Is 104798677 a prime number?
True
Is 21694507 a prime number?
True
Is 48640727 composite?
True
Is 11902297 prime?
False
Is 11521007 a composite number?
False
Is 1941109 a prime number?
False
Is 57270377 a prime number?
False
Is 1226114329 a prime number?
False
Is 45727553 composite?
False
Is 7495339 a composite number?
False
Is 12305561 prime?
True
Is 2600221 composite?
True
Is 1071541 a prime number?
True
Is 109156657 prime?
False
Is 115589417 composite?
False
Is 85730951 prime?
True
Is 144176987 a composite number?
True
Is 4801991 a prime number?
False
Is 81371779 a composite number?
False
Is 4132109 composite?
True
Is 10340449 a composite number?
True
Is 62672833 a prime number?
False
Is 7120933 prime?
True
Is 4521793 composite?
False
Is 2257843 a composite number?
True
Is 5144471 prime?
True
Is 21513601 prime?
False
Is 2673499 prime?
True
Is 2711591 composite?
False
Is 57763709 prime?
False
Is 10765207 a prime number?
True
Is 120034333 a composite number?
True
Is 51730837 a composite number?
True
Is 2648959 a composite number?
False
Is 82896079 a composite number?
True
Is 36045649 a composite number?
False
Is 6440327 prime?
True
Is 9758593 composite?
True
Is 95702377 a prime number?
False
Is 6935345 composite?
True
Is 134671681 a composite number?
False
Is 15237649 a composite number?
True
Is 21016753 prime?
True
Is 1507687 a prime number?
True
Is 6374293 a composite number?
False
Is 17673233 composite?
False
Is 794291 a composite number?
True
Is 528311827 composite?
True
Is 25334599 a prime number?
False
Is 2433103 prime?
True
Is 25763119 prime?
True
Is 45256643 a composite number?
False
Is 6920201 a composite number?
False
Is 22588729 composite?
False
Is 8703437 a prime number?
False
Is 32124887 prime?
True
Is 95176799 a prime number?
True
Is 966937 a composite number?
False
Is 9224657 a prime number?
False
Is 399958451 composite?
True
Is 18332177 prime?
True
Is 322618 a prime number?
False
Is 2468821 composite?
False
Is 1622911 composite?
True
Is 47717099 prime?
True
Is 483857 prime?
False
Is 218793467 prime?
True
Is 1970225579 composite?
True
Is 3472049 a composite number?
True
Is 81762703 a prime number?
False
Is 88443913 composite?
True
Is 33011023 prime?
True
Is 11624495 a prime number?
False
Is 40772827 a composite number?
True
Is 911779 composite?
True
Is 33879929 a composite number?
True
Is 6133411 prime?
True
Is 11338319 a composite number?
False
Is 6868811 prime?
True
Is 30126469 a composite number?
True
Is 379273 prime?
True
Is 2581801 prime?
False
Is 10324045 a prime number?
False
Is 79091263 prime?
True
Is 5673637 a prime number?
True
Is 769927913 composite?
False
Is 22039801 a composite number?
True
Is 130064927 a composite number?
False
Is 363563023 co